Evaluate -20 + (13 - 9) - -12 - (-2 + 2).
-4
What is the value of (1 - 5 - (26 - 29)) + (-62 - -38)?
-25
What is the value of -2 - ((-7 - (-4 + -3) - 17) + 2)?
13
-8 + (10 - 14) + -1 + 0
-13
What is 6 - (-68 + 38 + 29)?
7
What is the value of 2 - -25 - (-500 + 538)?
-11
-13 + 13 + -5 + -13 + 16
-2
What is the value of (9 - 6) + -10 + (5 - (0 - -12))?
-14
-12 + (-11 - -15) + -1
-9
Evaluate -7 - ((-8 - -13) + -7) - (-1 + -1).
-3
What is the value of -3 + 1 + (164 - 158) + -5 + 1?
0
Evaluate -3 + -10 + 14 + -31.
-30
-9 - -1 - (16 + 15 + -52)
13
What is (492 - 512) + (17 - 0)?
-3
Calculate -6 - (9 + 5 + -2 - 24).
6
Evaluate 7 + (2 + -5 - 0) - 8.
-4
Evaluate (-1 + 1 - 1) + -43 + 41.
-3
What is (1 - -18) + -718 + 700?
1
Evaluate (12 - (18 + -22)) + -22.
-6
Calculate 8 + (-65 - -3 - (32 + -52)).
-34
Calculate 7 + -4 + 22 + -35.
-10
Evaluate 17 + -4 + -7 + -2 - -12.
16
What is 2 + 1 + -2 + 0 - (-42 + 39)?
4
Calculate 5 + (-4 + -12 + 15 - (1 + 0)).
3
What is the value of (-1 + -6 - (13 + -16 - 20)) + -7?
9
What is the value of 15 + -16 - -1 - (5 - -20)?
-25
Evaluate 1 + -39 + (4 - -35) + -27.
-26
Evaluate 1 + -5 - 0 - (-5 - -3) - 2.
-4
Calculate -1 + 3 - (8 + 0 - (-77 - -110)).
27
Evaluate 2 + 36 - (35 + -13).
16
Evaluate (0 - 0 - -4) + 39 + (-25 - 5).
13
What is 7 + 4 + (-38 - (-3 + -5)) + -10?
-29
Evaluate 7 + (38 - 81) + 26.
-10
Evaluate -7 + -4 + (19 + 1 - 2).
7
What is the value of -2 + 12 + (13 + -11 - 9) + -20?
-17
-146 + 152 - ((-2 - -4) + 2 + -1)
3
Calculate 3 - (-21 + 35) - -16.
5
Calculate (17 - 5 - 14) + 17.
15
What is -2 + 15 + (-86 - -56) + 26?
9
Calculate -15 + 8 + 9 - -8.
10
4 + -14 - ((8 - 36 - 0) + -8)
26
What is -16 + 1 + (-19 + 0 + 42 - 14)?
-6
What is (8 - 7) + -15 + -3 + 2?
-15
What is the value of (-4 - 1) + (1 - -2) + (6 - 2)?
2
Evaluate 20 - 12 - (-16 + 20).
4
What is -13 + -2 - (2 + 6 + -3 - 8)?
-12
What is 30 - ((1 - 0 - 4) + -162 + 164)?
31
Calculate 25 + -8 + -11 + -10.
-4
What is the value of -9 - (3 - (15 - (-1 - -4)))?
0
Evaluate (-14 - (-5 - -3)) + 20.
8
Evaluate -11 - ((-2 - -2) + (19 - 46)).
16
Evaluate 25 - (16 - (26 - 32)).
3
1 + -13 + (-1 - (-4 + 2)) + 1
-10
Calculate -2 - (-50 + 13 + 7).
28
What is the value of (2 - 4) + 5 - (-14 + 35 + -11)?
-7
What is the value of 5 + -18 + (-10 - (-5 - 2)) + 4?
-12
Evaluate 2 - 16 - (-71 - -66).
-9
6 + -3 - 1 - (-2 - (4 - 20))
-12
66 - 81 - ((-19 - 2) + 6)
0
What is 6 + (11 - 2) + 20 + -45 + 18?
8
What is -2 + -12 - (-28 + -2)?
16
What is the value of -13 + 6 + (-1 - 0) + 14 - -9?
15
What is the value of -3 - -2 - (9 - (15 + -8)) - 4?
-7
Evaluate -1 + (-3 - (-11 + 2)).
5
Evaluate -9 + -1 + 0 - (60 + -57).
-13
-18 + (-11 - -25) + -13 - -11
-6
What is 14 + (-27 - -35) + -22?
0
What is (-29 - -74 - 6) + -23?
16
What is -3 + (11 + -26 - -7) + -2?
-13
Evaluate 10 + -20 + -13 + 9 + 1 + -1.
-14
0 - 0 - (-6 - -16) - (-10 + 5)
-5
What is 1 + 6 + -12 + (6 - -14)?
15
11 - (3 + 1 + 8) - 27
-28
Calculate 5 + -1 + 10 + -1 + (-14 - -13).
12
What is 5 - (15 - 15 - 15)?
20
Evaluate (-21 - -27) + -22 + 27.
11
Evaluate (-9 - -4 - -42) + -52.
-15
(2 - 8 - -18) + (2 - 2)
12
Calculate -83 + 89 + (-16 - 2).
-12
What is the value of -1 + -7 + 0 + 17?
9
Calculate 25 + 2 + 272 + -293.
6
888 - 899 - (1 + -1)
-11
Evaluate 5 + (-125 - -128 - (5 + -1)).
4
21 + -17 + (-4 - -7) + -28 - -6
-15
Evaluate 3 - (-15 - -9) - 4 - (15 - 0).
-10
What is -10 + 12 + -9 - (-2 - -5) - 11?
-21
What is -14 + 6 + (33 - 25)?
0
What is the value of -1 - (-16 - (-16 + 7)) - -6?
12
Calculate 15 - (15 + (-38 - -6)).
32
What is the value of 4 - (1 - -12) - -1 - 11?
-19
What is the value of 8 + -14 + 7 - (3 - -9)?
-11
Evaluate (-33 - -42) + -2 + 16 + -1.
22
What is (9 - (1 - 1)) + -168 + 152?
-7
Evaluate -7 - (39 + -46 - (2 - 0) - 20).
22
3 + 4 + -8 + 29 - (9 - 3)
22
10 + (-2 + -3 + 1 - 8)
-2
What is the value of -7 - 0 - (1 - 21 - -17)?
-4
12 + (-9 - (1 + -3)) + (-1 - -6)
10
10 + (-23 - (-21 + 22)) + (5 - -1)
-8
Calculate (-1 - -7) + 13 + 10 + -16.
13
Calculate 1 + (5 - -3 - 8) + -1 + -1.
-1
-5 + 27 + 4 - 28
-2
What is 10 - 7 - (6 - 4)?
1
What is -4 + 3 - 11 - -4?
-8
9 + (-3 + 9 - (1 + (-6 - -7)))
13
What is -10 + 18 - (-13 + 0)?
21
(69 - 61) + (-22 - (-2 + 3))
-15
What is the value of -3 - (1 + 1 + 6 - -2)?
-13
-20 - (-30 + 27 + 3 + 0 + -4)
-16
(3 - -6 - 0) + (-2 - -4)
11
What is the value of -2 + 7 - ((-8 - 5) + 15)?
3
Calculate 0 + -2 + -3 + 1 + -98 + 87.
-15
Evaluate (-8 - (5 + -1 + -3)) + 37 + -35.
-7
What is the value of -19 - (-10 - (-12 + -1 + 4) - -4)?
-22
Evaluate -11 + (-28 + 36 - (5 - 1)).
-7
-2 - (-18 + (5 - -2))
9
Evaluate 13 - (25 + 30) - -19.
-23
What is -9 - (10 - 26 - -7) - 30 - 0?
-30
What is the value of -24 - (-64 + 59 + 3 + 3 + 5)?
-30
Evaluate 17 - (12 + -3 - (3 - -9)).
20
What is the value of (-3 - -4) + 3 + (9 - 17 - -11)?
7
Evaluate 10 + (-46 - -35 - -13).
12
What is the value of (-27 - (-9 - -24)) + 24 + -8?
-26
(3 - 2) + (-3 - (-10 - -6))
2
What is the value of (-87 - -69) + (-1 - ((-3 - -1) + -2))?
-15
What is (-3 - -11) + (120 - 143)?
-15
What is 9 - (-7 + 21) - (-2 - -4)?
-7
Evaluate (-25 - (-13 + 24)) + 20.
-16
Calculate 7 + ((-4 - -7) + -4 - (-9 + 18)).
-3
What is the value of -27 + -231 + 252 + (1 - 14)?
-19
Calculate (7 - 15) + 2 - -8 - (35 - 26).
-7
Evaluate -7 - (5 - 2 - (8 + -5)).
-7
What is the value of (-914 - -901) + 3 + -2 + 2?
-10
Calculate 5 - (-1 + 1 + 3 + 4).
-2
What is the value of -18 + 7 + 13 - (-7 - 1)?
10
What is the value of -14 + 13 + 13 - -4?
16
-8 + 2 - ((-5 - -22) + (-2 - -11))
-32
What is (1 - (3 + 5) - -21) + -7?
7
Evaluate -24 + -8 + (-14 - -46).
0
What is (4 - 5) + -6 + -2 + (-4 - -3)?
-10
What is -6 + (7 - (9 - -4))?
-12
What is 8 + -6 - (3 + (-14 - (0 - 3)))?
10
Calculate 9 + (-22 - -7) - -18.
12
What is (2 - -7) + (-3 - -7 - 1)?
12
Calculate 3 - (-10 - 14 - -25).
2
What is the value of -1 + -13 + (6 - -1) + -5 + -3?
-15
What is the value of -72 + 57 + 13 + 1 + -8?
-9
Evaluate 2 + (-15 + 29 - 26) + 19.
9
Calculate -10 - 1 - (13 + -39 + 32).
-17
Calculate 22 - (-147 + 148 + -7 + 0).
28
(126 + -122 - (7 - -1)) + 5
1
What is 18 - (14 + (-8 - (9 + -10)))?
11
Evaluate -105 - -98 - ((2 - -1 - 11) + -1).
2
11 - (13 - (-4 + 11)) - 3
2
-11 + -5 - -9 - (6 + 30) - -6
-37
Evaluate -18 + 39 - 14 - (2 - -32).
-27
Evaluate 2 - (-15 + 0) - (20 - (10 + 10)).
17
Evaluate 0 - ((1 + 8 - 7) + -8).
6
What is the value of 7 + (-3 + -4 - -13) + -4 + 5?
14
What is the value of (-10 - -2) + (33 - (-2 + 4)) + 6?
29
(11 - (1 - -19)) + (-1 - -6)
-4
What is (4 + 30 - 30) + 1?
5
-20 + 1 + (3 - (-23 + 2))
5
What is the value of 1 - (23 - 4) - -6?
-12
-5 + (5 - 12 - -18 - 2)
4
What is 15 - 19 - -19 - 26?
-11
What is the value of -9 + (-10 - -7 - (1 - (1 - -11)))?
-1
What is the value of (1 - 7) + 2 - 2 - (294 - 300)?
0
Calculate 7 + -17 + (-6 + (-5 - -18) - 10).
-13
7 + (1 - (13 - -12)) + 2
-15
Evaluate 3 + -7 - (-3 + (-7 + 9 - 18)).
15
What is -11 + (-10 - -4) + 2 - -7?
-8
-5 + (23 - (2 + -1 - (10 + -14)))
13
4 - (6 + -5 - (-7 + -3 + 4))
-3
Calculate -1 + -6 + 12 + 0 - (-24 - -17).
12
What is -8 + (-4 - -9) + 12?
9
What is the value of (-1 + 8 + -14 - -1) + 1 + 14?
9
Evaluate 23 + -11 + -8 + 0.
4
Evaluate (-13 - (-1 + (0 - 1))) + (643 - 644).
-12
Calculate 20 + (1 - -10) + 17 + -31 + -4.
13
Calculate (1 - (-7 + 13)) + -4 + 12.
3
What is the value of (-3 - -9 - 14) + 0?
-8
What is (6 - 22 - (-8 - -6)) + -1?
-15
What is 1071 + -1055 - (48 - -1)?
-33
Evaluate 17 - (-11 - ((1 - 13) + 13)).
29
Calculate (-10 - 4) + (36 - 7).
15
15 + -1 - (47 + (-67 - -17))
17
What is -1 - 12 - (-25 - -3)?
9
What is -23 - -26 - (6 + (-3 - 18))?
18
Evaluate -5 + 20 + 17 - 22.
10
What is -4 - (-22 + -5) - 15?
8
Evaluate (20 - (-3 + 6)) + (9 - 9).
17
What is the value of 2 + 4 + -6 + (3 - (3 + 7))?
-7
What is the value of -6 + 1 + (10 - 13) + (-5 - -5)?
-8
What is the value of -40 - (-18 - (-28 - -38))?
-12
Evaluate 10 + (6 + 2 - (-19 - -29)).
8
What is 5 + (8 - ((2 - -15) + -8))?
4
Calculate (4 - 5) + 3 - (7 + -5) - 10.
-10
Calculate 30 + (71 - 115) + -1 + -15.
-30
(17 - -8) + 0 - 8 - 1
16
Evaluate 2 - (-5 - (-7 + -12 + 8)).
-4
-14 - (-13 - (-17 - -1 - -10))
-7
What is -5 + -2 + 2 + 2 + (7 - -3)?
7
What is -15 - (5 - (-4 - -23))?
-1
-32 + (-23 - -70) + 0 + -3
12
Evaluate -1 + 32 - (25 - 10 - (3 + 4)).
23
What is 3 + -3 + 